What is the remainder when 6 + -62*1/(-2) is divided by 37?
0
Let b(m) = 9*m**2 - 94*m - 383. What is the remainder when b(-4) is divided by 25?
12
What is the remainder when ((-1)/(-2)*-9)/(48/(-2112)) is divided by 19?
8
Let g(w) = -8*w**3 - 2*w**2 + 4*w + 17. Calculate the remainder when 186 is divided by g(-2).
56
Let a(n) = 9*n**2 - 2*n - 1. Suppose 0 = 3*m + 2*m + 10. Let d = -13 - -34. What is the remainder when a(m) is divided by d?
18
Calculate the remainder when 101 is divided by (-52)/130 - (-384)/10.
25
What is the remainder when 12 + 65 - (10 + -3) is divided by 40?
30
Suppose -3*j + 132 = 3*v, 2*j - 156 = -j + 5*v. Suppose -25*b = -3*b - 528. Calculate the remainder when j is divided by b.
23
Let c(j) be the first derivative of 8*j - 4/3*j**3 + 1/4*j**4 - 13 - 1/2*j**2. What is the remainder when 5 is divided by c(4)?
1
Suppose 2*t - 61 - 119 = 0. Calculate the remainder when t is divided by 12.
6
Let p(k) = k**3 - 3*k**2 - 11*k - 22. What is the remainder when p(6) is divided by 9?
2
Let o(q) = q**3 + 62*q**2 - 128*q + 13. Let r = -3 - -5. Suppose -2*n + 92 = 2*x, -r*n = -4*x - 146 + 36. What is the remainder when n is divided by o(-64)?
10
Suppose 7*g - 19 - 653 = 0. Calculate the remainder when g is divided by 95.
1
Suppose 2*o + 20 + 8 = 5*r, r - 10 = -4*o. Suppose 3*s - 58 = -2*l + r*s, l - s = 29. Calculate the remainder when l is divided by (-14)/(8 + -15)*(-15)/(-2).
14
Suppose -3*d + 6 = 4*b, 4*d - b - 8 = -0*b. Let j(i) = 30*i**3 - i**2. What is the remainder when j(1) is divided by (-32)/10*(-5)/d?
5
Let q(w) = 42*w**2 - 38*w**2 + 0*w - w**3 + w. What is the remainder when q(-3) is divided by 16?
12
Let t = -3 - -1. Let p be ((-6)/(-9))/(t/9). Calculate the remainder when 72 is divided by ((-10)/p)/((-2)/(-15)).
22
Let z(u) = 2*u + 0*u + 2*u - 2*u - 1 - 516*u**2. Let i be z(2). What is the remainder when i/(-99) - (-4)/22 is divided by 6?
3
Suppose -2*l - 77 = -183. What is the remainder when 119 is divided by l?
13
Let s(u) = u**3 + 12*u**2 + 18*u + 44. Calculate the remainder when s(-10) is divided by 19.
7
Suppose 0*m = 2*m - 14. Suppose 3*c - r - 56 = -2*r, 0 = 3*c - 5*r - 44. Calculate the remainder when c is divided by m.
4
Let x = 20 + -20. Let u be (-8)/(-8) + (39 - x). Suppose 2*v = 0, -5*n + v = -2*v - u. What is the remainder when 29 is divided by n?
5
Let u(f) = f**3 + 5*f**2 - 4*f - 2. Let k(a) = a + 3. Let q be k(-8). What is the remainder when 2/q + (-5373)/(-45) is divided by u(-4)?
29
Let l be ((-6)/(-3) - 2) + 27. Suppose 2*o + b - 44 = 0, 2*o = 2*b + 11 + l. Let g = -8 + o. Calculate the remainder when 38 is divided by g.
12
Let a(i) = 32*i + 162. Let d = 2 + -1. Calculate the remainder when a(-5) is divided by d.
0
Suppose 25 = g - 13. Let c(l) = l**3 - 8*l**2 + 16*l - 1. What is the remainder when g is divided by c(5)?
2
Let a = 507 + -320. Let i(x) = x**2 - 12*x + 38. Calculate the remainder when a is divided by i(0).
35
Let x(h) = 14*h**2. Let v(w) = -33*w - 9. Suppose -15*o - 10 = -5*o. What is the remainder when v(o) is divided by x(-1)?
10
Let b = -16 + 0. Let j = 20 + b. Calculate the remainder when ((-16)/6)/((-6)/9) is divided by j.
0
Let h(p) = p**2 + 3*p - 48. Calculate the remainder when h(-10) is divided by 5.
2
Let p(f) = -83*f - 460. Calculate the remainder when p(-6) is divided by 36.
2
What is the remainder when (1/((-45)/11 + 4))/(-1) is divided by 9?
2
What is the remainder when 94 is divided by 2 - (-3 + -4 + -42)?
43
Suppose 0 = -3016*u + 3023*u - 959. What is the remainder when u is divided by 16?
9
Let r(t) = 2*t**2 - 3*t + 17. Calculate the remainder when 72 is divided by r(-4).
11
Let m be (3*2/(-2))/(-1). Suppose -3*p = 3*d - 60, 12 = 2*p - 3*d - 2*d. Suppose m*k + 7 = p. Calculate the remainder when k is divided by 2.
1
Let s = -52 - -96. Calculate the remainder when s is divided by ((-7)/5 + -1)/(18/(-120)).
12
What is the remainder when -3*(-4)/(-6)*-26 is divided by 5?
2
Suppose -h + 2 + 0 = 0. Suppose -3*i + 24 = -2*f - 8, f + 20 = h*i. Let x(a) = 6*a**3 - 3*a**2 + 3*a - 1. Calculate the remainder when i is divided by x(1).
3
Suppose -3 = 18*p - 17*p, -438 = -v + 3*p. What is the remainder when v is divided by 10?
9
Let f(l) = -2*l**3 + 12*l**2 - 5*l - 10. Let s be f(5). Calculate the remainder when 140 is divided by 1/10*4 - (-264)/s.
14
Calculate the remainder when -1 + (1 - (-52 + 0)) is divided by ((-36)/10)/(6/(-30)).
16
Let r be -6*((-18)/4 - -4). Suppose -4*i + 4*o + 14 = -o, -5*o - 8 = -r*i. Suppose m + 6 = 3*m. Calculate the remainder when i is divided by m.
0
Suppose 22*p - 24*p + 3*q = -31, -p + 2*q = -17. Calculate the remainder when 47 is divided by p.
3
Suppose -4*y - c + 155 = y, c = 5*y - 145. Let x = 21 + -16. Suppose -x*h - 23 = -78. What is the remainder when y is divided by h?
8
Suppose -3*r = -3*j - 63, -r + 0*r + 21 = -5*j. Calculate the remainder when 37 is divided by r.
16
Suppose -4*a + 49 = 5*d, -2*d + 6*d - 56 = a. Let u = 11 + -3. What is the remainder when d is divided by u?
5
Suppose -5*t - 5*s + 125 = 0, 2*s - 94 = -4*t - 0*s. Calculate the remainder when t is divided by (115/(-10) + -8)*20/(-30).
9
Let i(b) = -12*b - 5. Let j be i(-5). Let n = j - 28. What is the remainder when n is divided by 14?
13
Let h be 0/(2/(1 + -3)). Suppose -5*u + 0 + 10 = h. Suppose -2*t - 54 = -3*i, 5*t - 74 = -u*i - 19. What is the remainder when 58 is divided by i?
18
Let p be 4/(-6)*(-2)/(4/(-3)). Calculate the remainder when 5*-1*((-792)/(-20))/p is divided by 40.
38
Let b = -38 + 52. Let o = 43 - b. Calculate the remainder when o is divided by 10.
9
Let q = 0 - -2. Suppose n = -2*i + 33, 4*n = -q*i - 3*i + 120. Calculate the remainder when 97 is divided by n.
22
Let x(y) = -y**3 - 2*y**2 - 4*y. Let u(n) = 2*n**2 + 9*n + 6. Suppose 2*f - 1 = -11. What is the remainder when x(-3) is divided by u(f)?
10
Calculate the remainder when (-14)/(((-4)/15)/2) is divided by 3/(-8)*-2 + (-138)/(-8).
15
Suppose m - 26 = -m + 3*v, v + 2 = 0. What is the remainder when 136 is divided by m?
6
Suppose u - 3*u = n - 5, 0 = -3*u + 5*n + 1. Suppose i = u*s - 30, -2*i = 3*i + 10. What is the remainder when s is divided by (-2)/3 - (-17)/3?
4
Let y(v) be the third derivative of -v**6/60 - v**5/12 + v**4/8 - 2*v**3/3 + 26*v**2. Calculate the remainder when y(-4) is divided by 7.
4
Let l(g) = 4*g**2 + 35*g - 281. Calculate the remainder when l(14) is divided by 12.
9
Let v = 1377 - 1321. What is the remainder when 220 is divided by v?
52
Calculate the remainder when 192 is divided by 195/(117/9) - 0.
12
Let j(x) = 2*x**3 + 25*x**2 + 9*x + 16. Let z be j(-12). Suppose 3*h + z = 145. What is the remainder when 60 is divided by h?
29
Suppose 3*b = -p + 4*p + 309, -b = 4*p - 123. What is the remainder when b is divided by 11?
8
Let b = 84 + -60. Suppose -68 + 8 = -4*l. What is the remainder when b is divided by l?
9
What is the remainder when 105 is divided by ((-288)/54*(-66)/4)/2?
17
Let v = -4077 + 4087. Let r(y) = 12*y + 1. Calculate the remainder when r(3) is divided by v.
7
Let l = 283 + -241. Calculate the remainder when 83 is divided by l.
41
Suppose -2*u - 20*u = -352. What is the remainder when 87 is divided by u?
7
Suppose l + 378 = 5*m, -44*m + 156 = -42*m + 2*l. What is the remainder when m is divided by 56?
20
Let v be ((-5)/(10/6))/(12/(-16)). Let r = 10 + 86. Suppose 0 = -v*s + r + 4. Calculate the remainder when s is divided by 7.
4
Let h = -15 - -17. Suppose 5*u - h*p - 11 = 4*u, -4*p - 15 = -u. Let z = -5 + u. What is the remainder when 2 is divided by z?
0
Let y(u) = -u**3 - 10*u**2 - u + 5. Let t = 51 - 61. What is the remainder when 192 is divided by y(t)?
12
Let d = -15 - -35. Let k = -47 - 18. Let o = 124 + k. What is the remainder when o is divided by d?
19
Let l be (-9)/((-27)/40)*174/4. What is the remainder when (-3)/(-42)*4 + l/28 is divided by 12?
9
Let w(g) = 28*g - 4. Let o be w(3). Let l = 15 + -3. What is the remainder when ((-114)/5)/((-32)/o) is divided by l?
9
Suppose -4*i + g + 37 = 0, 0*g - 4*g - 20 = 0. Suppose -i*j + 133 = -j. Calculate the remainder when 54 is divided by j.
16
Let l = -12680 + 12693. What is the remainder when 2 + 21 - (0 + 0) is divided by l?
10
Let j(i) = -19*i - 1. Let y be j(-1). Let h = 27 - y. Suppose 3*x = -9, 4*v